 remainder when 67 is divided by f?
11
Let k(l) = l**2 + l. Let v(a) = -a**3 + 6. Let r be v(0). Let w be k(r). Let h = w + -27. What is the remainder when 58 is divided by h?
13
Let t = -13 - -41. Suppose 0 = -d + t - 22. Calculate the remainder when 23 is divided by d.
5
What is the remainder when (-860)/(-4) - (2 + -3) is divided by 16?
8
Let y = -1236 - -1281. Calculate the remainder when 351 is divided by y.
36
Let s(d) = -3 + 2*d + 0*d + 2 - 6*d**3. Let w be s(1). Let t = 5 - w. What is the remainder when t is divided by 3?
1
Let g = -310 - -541. Calculate the remainder when g is divided by 116.
115
Let y(a) = a**2 - 12*a + 5. Let n be y(12). Suppose -n*s + 65 = -40. What is the remainder when (-5)/(-10) + (-476)/(-8) is divided by s?
18
What is the remainder when 65 is divided by -8 + 30/10 + 23?
11
Let v = -243 + 266. What is the remainder when v is divided by 7?
2
Suppose 0 = -3*s + 10*s + 77. Calculate the remainder when 11 is divided by 3/3*(-4 - (s - -4)).
2
Let m(x) = -x**3 + 2*x**2 - 5*x - 3. Let v be m(4). Let h = 84 + v. What is the remainder when 53 is divided by h?
24
Let z(g) = 4*g**2 - 4*g - 2. Let d be z(4). Suppose -4*s = 8, 4*s - d + 19 = 5*l. Let o(n) = -6*n - 4. Calculate the remainder when o(l) is divided by 13.
12
Let m(i) be the second derivative of i**3 - i**2/2 + 14*i. Calculate the remainder when m(4) is divided by 9.
5
Let k(m) = 2*m**2 - 2*m - 7. Suppose 2*b + b = 135. Suppose b = p - u, u - 170 = -3*p - 3*u. What is the remainder when p is divided by k(4)?
16
Suppose 36*y - 45*y + 126 = 0. Suppose -c + 114 = 2*c. Calculate the remainder when c is divided by y.
10
Let d be 6/2*(-44)/(-33). Suppose d*t = -0*o - 3*o + 59, 11 = t + 2*o. Calculate the remainder when 101 is divided by t.
16
Let j(w) = -4*w - 19. Let v be j(-9). Suppose -v = -5*n + 13. Suppose -2*l + 3*z + 12 = 0, -z - 12 + 1 = -3*l. What is the remainder when n is divided by l?
0
Suppose 4 = -5*k + 2*w, -5*k + 0*w = -w + 2. Suppose 4*m - 6*m + 28 = k. Calculate the remainder when 52 is divided by m.
10
Suppose -4*m + 604 = 552. Calculate the remainder when m is divided by 4.
1
Suppose p - 11 - 4 = i, 2*p = -2*i + 14. What is the remainder when 41 is divided by p?
8
Let n = -28 + 32. Suppose 460 = n*t + t. What is the remainder when t is divided by 31?
30
Let f(r) = -18*r**3 + 3*r**2 + 3*r + 1. Suppose -3*s = -s + 8. What is the remainder when 438/(-2)*s/12 is divided by f(-1)?
16
Suppose -44*s = -12*s - 1312. Suppose 0 = 3*i - 0*i - 69. What is the remainder when s is divided by i?
18
Let l = 183 + -64. Calculate the remainder when l is divided by 38.
5
Let t = 339 - 296. Calculate the remainder when 134 is divided by t.
5
Let c be (7/6 - 1) + (-68080)/3552. Let z = -66 + 30. Let m = c - z. What is the remainder when 31 is divided by m?
14
What is the remainder when (-7030)/(-70) + (-24)/(-42) is divided by 52?
49
Let z be ((-4)/6)/((-8)/36). Suppose 196 = 3*c + a, -5*a - 227 + 19 = -z*c. What is the remainder when c is divided by 17?
15
Let k = -2 - -11. Suppose -d = 4*d - 3*a - 7, 0 = d + 4*a - 6. Suppose 0 = 3*l - d*j - 17, -6 = 2*l - 2*j - 18. Calculate the remainder when k is divided by l.
4
Suppose 0*r + 9*r - 72 = 0. Let s = 11 + -6. What is the remainder when r is divided by s?
3
Suppose -o - 4 = 0, -4*m + 15*o = 12*o - 220. What is the remainder when m is divided by 37?
15
Suppose 18*f - 75 = -5*p + 20*f, 2*f - 61 = -3*p. What is the remainder when 101 is divided by p?
16
Let g = 632 + -608. Calculate the remainder when g is divided by 13.
11
Calculate the remainder when 568 is divided by (8/(-6))/((-4)/(-66))*-1.
18
Suppose 5*x = 2*i - 57, -3*x + 3*i - 10 = 26. Let w be -1 + 7 - (x - -15). What is the remainder when 102 is divided by 1/(4*w/120)?
12
Let g(x) = 2*x**2 + 7*x + 7. Let l be g(-3). Let j = 18 - l. Suppose -t + 30 + 11 = 0. Calculate the remainder when t is divided by j.
13
Let u(w) = 17*w**2 + w - 1. What is the remainder when 1080/22 - 1 - (-25)/(-275) is divided by u(1)?
14
Let c be 85 + 1 + 6 - 1*3. Suppose -13 + c = 2*v. Calculate the remainder when v is divided by 16.
6
Let k = -57 - -94. Calculate the remainder when k*(-1 - 2/(-1)) is divided by 10.
7
Let q(b) = -b**2 - 6*b - 3. Suppose 3*u - 375 + 314 = 4*s, 3*u - 71 = 2*s. What is the remainder when u is divided by q(-4)?
2
Suppose 0 = -5*b + m + 207, -20 = 3*m - 29. Suppose -x - 19 = -2*x. Calculate the remainder when b is divided by x.
4
Let i = 13 - 5. Suppose x = 4*x - 2*r - 170, -142 = -3*x - 5*r. Suppose -4*q = 4*f - 100, 0*f - x = -2*f - 3*q. What is the remainder when f is divided by i?
5
Suppose 0 = -4*s + 23 + 121. Suppose -5*b + s = 2*d - 0*b, 0 = 4*d - b - 116. Calculate the remainder when d is divided by 8.
4
Let r = 532 - 505. Calculate the remainder when 133 is divided by r.
25
Let c(a) = 2*a**2 + 4*a + 31. What is the remainder when 1025 is divided by c(-6)?
77
Suppose 395 = 4*g + 95. Let p = g - 69. Let z(y) = 3*y**2 + y - 1. What is the remainder when z(-3) is divided by p?
5
Let b(m) = -m**2 + 5*m - 6. Let i be b(5). What is the remainder when 32 is divided by (-1 + (-28)/i)/(7/21)?
10
Suppose 0 = 3*w - 5*c - 161, 5*w = -3*c + 7*c + 264. Suppose 4*s - 111 = 7*s. Let u = w + s. What is the remainder when 42 is divided by u?
12
Let p be -2*(-1)/(1/8). Let j be p/6 - 6/9. Let f = j - -13. Calculate the remainder when 26 is divided by f.
11
Let b(y) = 2*y**2 - 4*y + 4. What is the remainder when b(8) is divided by 34?
32
Suppose 6 = 4*n + v - 4, 4*v = -8. Suppose n*l = 22 + 71. Calculate the remainder when 91 is divided by l.
29
Let o(v) = -v + 7. Let r be o(2). Suppose r*a - 8 - 37 = 0. What is the remainder when 30 is divided by a?
3
Let l = 228 - 161. What is the remainder when l is divided by 25 - ((-8)/(-7))/(160/280)?
21
Let b be -1*71/(-1) + (7 - 4). Let i = 124 - b. What is the remainder when i is divided by 27?
23
Suppose -5*g + 69 - 9 = 0. Suppose 5*h - 7 - 120 = 2*m, 2*h + 6 = 0. Let o = -37 - m. What is the remainder when o is divided by g?
10
Suppose -4*p - 3*k = -243, 237*p - 233*p + k = 249. What is the remainder when 881 is divided by p?
62
Let s(v) = 6*v**2 - 275*v - 17. What is the remainder when 397 is divided by s(46)?
20
Let c = 153 - 96. Let g(i) = -7*i**3 - 83*i**2 + 10*i - 5. What is the remainder when c is divided by g(-12)?
0
Suppose -f - 3*n = -4*f + 54, -5*n - 30 = -f. Let h = f - 10. Calculate the remainder when 9/12 - 588/(-48) is divided by h.
3
Suppose 124 = g + 9. Let s = -16 + g. What is the remainder when s is divided by 26?
21
Suppose 0*d - 2*d - y = -48, -82 = -3*d - 4*y. What is the remainder when 96 is divided by d?
8
Let n be (10/4)/(6*(-6)/(-72)). Suppose -q = n*z - 142, 4*q = -12 - 0. Calculate the remainder when z is divided by 8.
5
Let y(o) = 7*o. Let d = 357 - 348. Calculate the remainder when y(5) is divided by d.
8
Suppose 13*b + 168 = 21*b. What is the remainder when 80 is divided by b?
17
Let p be (488/(-6))/((-2)/6). Suppose -4*j = -5*u - 216, 4*j + 0*u - p = -2*u. Let m = j + -20. What is the remainder when m is divided by 14?
11
Suppose 0 = v - h - 7, -2*v + 5*v - 5*h - 25 = 0. Let n be 4/8 - 732/8. Let p = -77 - n. Calculate the remainder when p is divided by v.
4
Let w = 1140 + -1128. Calculate the remainder when 57 is divided by w.
9
Suppose -4*g + 4 = 18*t - 19*t, -3*g - 14 = -5*t. Calculate the remainder when 123 is divided by t.
3
Let n(i) = -2 - 2*i**2 - 6*i**2 - i**3 - 5 - 8*i + 0. Let h be n(-7). Suppose h = -o - o + 18. What is the remainder when o is divided by 4?
1
Let f = 909 + -895. What is the remainder when 23 is divided by f?
9
Suppose -3*g + 523 + 116 = 0. Suppose -8*c + 5*c = -g. What is the remainder when c is divided by 18?
17
What is the remainder when 45 is divided by (20 - 8)*(10/4 - -1)?
3
Let t = -74 + 141. Suppose b = -0*b - 8. Let y = b - -22. What is the remainder when t is divided by y?
11
Suppose 2*z + 45 = f, -5*f + z + 3*z = -195. Let u be f/11 + 12/(-66). What is the remainder when 1/u + (-160)/(-24) is divided by 2?
1
Suppose -3*h = -19 - 8. What is the remainder when ((-9)/6)/(h/(-168)) is divided by (7/(-3) + (-4)/(-1))*6?
8
Let p = -93 - -171. Let j = 8105 - 8063. Calculate the remainder when p is divided by j.
36
Suppose 3137 + 2962 = 51*i + 81. What is the rem